{"id":145,"date":"2025-03-20T16:36:43","date_gmt":"2025-03-20T16:36:43","guid":{"rendered":"https:\/\/susanns.ch\/hundesalon2025\/?page_id=145"},"modified":"2025-03-20T16:38:28","modified_gmt":"2025-03-20T16:38:28","slug":"datenschutzerklaerung","status":"publish","type":"page","link":"https:\/\/susanns.ch\/hundesalon2025\/index.php\/datenschutzerklaerung\/","title":{"rendered":"Datenschutzerkl\u00e4rung"},"content":{"rendered":"\n<p><strong>1. Allgemeine Hinweise<\/strong><\/p>\n\n\n\n<p>Der Schutz deiner pers\u00f6nlichen Daten ist uns ein wichtiges Anliegen. In dieser Datenschutzerkl\u00e4rung erkl\u00e4ren wir, welche personenbezogenen Daten wir erheben, wie wir sie verwenden und welche Rechte du in Bezug auf deine Daten hast.<\/p>\n\n\n\n<p><strong>2. Verantwortliche Stelle<\/strong><\/p>\n\n\n\n<p><strong>Athus GmbH<\/strong><br>Eschfeld 4, 8934 Knonau<br>044 767 18 06<br>design@sabrinaspaeti.ch<\/p>\n\n\n\n<p><strong>3. Erhebung und Verarbeitung personenbezogener Daten<\/strong><\/p>\n\n\n\n<p>Wir erheben personenbezogene Daten nur, wenn du uns diese freiwillig zur Verf\u00fcgung stellst (z. B. durch das Kontaktformular oder eine Bestellung). Diese Daten umfassen insbesondere:<\/p>\n\n\n\n<ul class=\"wp-block-list has-superbfont-xsmall-font-size\">\n<li>Name, E-Mail-Adresse, Telefonnummer (bei Kontaktanfragen)<\/li>\n\n\n\n<li>Adresse und Zahlungsinformationen (bei Bestellungen)<\/li>\n\n\n\n<li>IP-Adresse und technische Daten (bei der Nutzung der Website)<\/li>\n<\/ul>\n\n\n\n<p><strong>4. Zweck der Datenverarbeitung<\/strong><\/p>\n\n\n\n<p>Wir verwenden deine Daten f\u00fcr folgende Zwecke:<\/p>\n\n\n\n<ul class=\"wp-block-list has-superbfont-xsmall-font-size\">\n<li>Zur Bearbeitung deiner Anfragen<\/li>\n\n\n\n<li>Zur Abwicklung von Bestellungen<\/li>\n\n\n\n<li>Zur Verbesserung unserer Website und Dienstleistungen<\/li>\n\n\n\n<li>Zur Erf\u00fcllung gesetzlicher Verpflichtungen<\/li>\n<\/ul>\n\n\n\n<p><strong>5. Speicherung und Sicherheit der Daten<\/strong><\/p>\n\n\n\n<p>Deine Daten werden sicher gespeichert und nicht an Dritte weitergegeben, es sei denn, dies ist zur Vertragserf\u00fcllung erforderlich oder gesetzlich vorgeschrieben.<\/p>\n\n\n\n<p><strong>6. Cookies und Tracking-Technologien<\/strong><\/p>\n\n\n\n<p>Unsere Website verwendet Cookies, um die Benutzerfreundlichkeit zu verbessern. Du kannst die Speicherung von Cookies in den Einstellungen deines Browsers verwalten.<\/p>\n\n\n\n<p><strong>7. Rechte der betroffenen Personen<\/strong><\/p>\n\n\n\n<p>Du hast das Recht, Auskunft \u00fcber die gespeicherten Daten zu erhalten sowie deren Berichtigung oder L\u00f6schung zu verlangen. Anfragen kannst du per E-Mail an design@sabrinaspaeti.ch senden.<\/p>\n\n\n\n<p><strong>8. \u00c4nderungen der Datenschutzerkl\u00e4rung<\/strong><\/p>\n\n\n\n<p>Wir behalten uns vor, diese Datenschutzerkl\u00e4rung jederzeit anzupassen. Die aktuelle Version ist stets auf unserer Website verf\u00fcgbar.<\/p>\n\n\n\n<p>Letzte Aktualisierung: 20.03.2025<\/p>\n","protected":false},"excerpt":{"rendered":"<p>1. Allgemeine Hinweise Der Schutz deiner pers\u00f6nlichen Daten ist uns ein wichtiges Anliegen. In dieser Datenschutzerkl\u00e4rung erkl\u00e4ren wir, welche personenbezogenen Daten wir erheben, wie wir sie verwenden und welche Rechte du in Bezug auf deine Daten hast. 2. Verantwortliche Stelle Athus GmbHEschfeld 4, 8934 Knonau044 767 18 06design@sabrinaspaeti.ch 3. Erhebung und Verarbeitung personenbezogener Daten Wir [&hellip;]<\/p>\n","protected":false},"author":1,"featured_media":0,"parent":0,"menu_order":0,"comment_status":"closed","ping_status":"closed","template":"","meta":{"footnotes":""},"class_list":["post-145","page","type-page","status-publish","hentry"],"_links":{"self":[{"href":"https:\/\/susanns.ch\/hundesalon2025\/index.php\/wp-json\/wp\/v2\/pages\/145","targetHints":{"allow":["GET"]}}],"collection":[{"href":"https:\/\/susanns.ch\/hundesalon2025\/index.php\/wp-json\/wp\/v2\/pages"}],"about":[{"href":"https:\/\/susanns.ch\/hundesalon2025\/index.php\/wp-json\/wp\/v2\/types\/page"}],"author":[{"embeddable":true,"href":"https:\/\/susanns.ch\/hundesalon2025\/index.php\/wp-json\/wp\/v2\/users\/1"}],"replies":[{"embeddable":true,"href":"https:\/\/susanns.ch\/hundesalon2025\/index.php\/wp-json\/wp\/v2\/comments?post=145"}],"version-history":[{"count":3,"href":"https:\/\/susanns.ch\/hundesalon2025\/index.php\/wp-json\/wp\/v2\/pages\/145\/revisions"}],"predecessor-version":[{"id":148,"href":"https:\/\/susanns.ch\/hundesalon2025\/index.php\/wp-json\/wp\/v2\/pages\/145\/revisions\/148"}],"wp:attachment":[{"href":"https:\/\/susanns.ch\/hundesalon2025\/index.php\/wp-json\/wp\/v2\/media?parent=145"}],"curies":[{"name":"wp","href":"https:\/\/api.w.org\/{rel}","templated":true}]}}